t i = 47 - 34. What are the prime factors of f(i)?
2, 3
Let l(y) = 7*y**2 + 2*y - 1. Let m be l(1). Suppose x + 12 = 3*a, -2*x + 6*x = 2*a - m. List the prime factors of -2 + a + (15 - -2).
19
Suppose -239 = -q - 2*r + 244, 4*r = 3*q - 1439. List the prime factors of q.
13, 37
Suppose -4*h = -l - 1380, -2*h - 3*l = 2*l - 668. What are the prime factors of h?
2, 43
Suppose s + 3659 = 6*f - 2*f, -4*f - 5*s + 3665 = 0. What are the prime factors of f?
3, 5, 61
Let f(n) = -2*n**3 - 3*n**2 + 3*n + 3. Let i be f(-3). Suppose -2*h - h - i = 0. Let d(c) = -3*c - 10. List the prime factors of d(h).
11
Let k(c) = 3*c**2 + c - 4. Suppose 0 = 5*n - y - 60, -n + 24 = 2*n - 3*y. Let u = n + -10. List the prime factors of k(u).
2, 13
What are the prime factors of (-3279)/((24/(-8))/(2 + 0))?
2, 1093
Suppose 0 = -2*d - 3*g + 9, 5*d - 4*g = -g + 75. Let a(v) = 26 + 30 - 55 + d*v. What are the prime factors of a(4)?
7
Let i be 129/(-4) - (-1)/4. Let n be 26/(-14) - -2 - 7668/(-126). Let u = i + n. What are the prime factors of u?
29
Let k(z) = -z**3 + 24*z**2 - 52*z - 28. Let c be k(22). Let o = -123 - c. What are the prime factors of o?
3
Suppose 5*b = 3*w + 1630, -2*b + 363 = -w - 288. List the prime factors of b.
17, 19
Let k(z) = -77*z + 2. Let p(a) = -a. Let j(g) = -k(g) - 5*p(g). List the prime factors of j(1).
2, 5
Suppose -m + 30 = -3. List the prime factors of m.
3, 11
Suppose 578 = 2*p - 2*q, -q + 160 = p - 139. Suppose -p = -7*c + 483. What are the prime factors of c?
3, 37
Let w(h) = h**3 + 12*h**2 - 13*h + 16. Let r be w(-13). Let z = r + 35. What are the prime factors of z?
3, 17
Suppose -10*a + 3158 = -2342. List the prime factors of a.
2, 5, 11
Let l = -107 + 192. Suppose r - 4*b - l = 162, 5*b = 3*r - 734. List the prime factors of r.
3
Let c(v) = 6*v**2 - 56*v - 45. List the prime factors of c(11).
5, 13
Let k = 4752 + -2003. List the prime factors of k.
2749
Suppose 590 = 4*m + 18. Let f = m + 7. List the prime factors of f.
2, 3, 5
List the prime factors of -433*(2 + (-3 - -3) + -3).
433
Let i be 9 - -3*(-2 - -1). Let o be (4/i)/(2/87). What are the prime factors of o + 1 + -4 + 2?
2, 7
Suppose -37 = -4*b + 5*b. Suppose -14 + 0 = 2*l. Let n = l - b. What are the prime factors of n?
2, 3, 5
Let s(w) = -3*w + 1. Let z(i) = -1. Let b(c) = -s(c) - 2*z(c). Let x be b(-7). Let v = 37 + x. What are the prime factors of v?
17
Suppose -18*r + 13*r + 205 = 0. Let k = r + 16. What are the prime factors of k?
3, 19
Let i = 230 - 118. What are the prime factors of i?
2, 7
What are the prime factors of (-9330)/(-27)*6 + (-10)/(-15)?
2, 17, 61
Suppose -3*s - 3*j + 8748 = 0, -40*s - 14588 = -45*s - 3*j. What are the prime factors of s?
2, 5, 73
Let r(a) = a + 2. Suppose 1 = -4*j + 17. Let s be r(j). Suppose s*u - 3*u - 12 = 0, b + 5*u = 26. What are the prime factors of b?
2, 3
Let l be (23/2)/(1/2). Suppose -73 = -4*n + l. Suppose -2*w - 33 + 6 = -5*j, 0 = 5*j + w - n. List the prime factors of j.
5
Let z be -7 - -3 - -3 - -51. Suppose -z = -2*m - 2*q + 8, 5*m = 3*q + 145. What are the prime factors of m?
29
Let h = 257 + -165. Suppose 5*k = 477 - h. List the prime factors of k.
7, 11
Suppose 4*c + 2317 = 5*d, 5*d + c - 2*c - 2308 = 0. What are the prime factors of d?
461
Let f(w) = -7*w - 202 + 265 - w - 3*w. List the prime factors of f(-19).
2, 17
Let d be 9/6*1780/15. Suppose -5*i + 4*o + 78 = -3*i, 4*i + 3*o - d = 0. Let f = -22 + i. List the prime factors of f.
3, 7
Let f(y) be the first derivative of y**4/24 + 13*y**3/3 + 9*y**2/2 + 6. Let m(i) be the second derivative of f(i). What are the prime factors of m(0)?
2, 13
Suppose 3*o = -366 + 1812. List the prime factors of o.
2, 241
Let z(x) = -2*x**2 + 6*x - 6. Let p be z(4). What are the prime factors of ((-99)/(-18))/(0 + (-1)/p)?
7, 11
Let b be 48/9 - (-5)/(-15). List the prime factors of (-6)/(-21) - ((-2385)/21)/b.
23
Let z = -74 - -134. Let g = -42 + z. Suppose 0 = w - g. What are the prime factors of w?
2, 3
Let m be 6/18*-3*13. What are the prime factors of m - -21 - (-3)/1?
11
Let a be ((-3)/3)/((-3)/15). Suppose a*g = 190 + 260. What are the prime factors of g?
2, 3, 5
Let o be 10/(-30)*(-36)/1. Suppose 9*v = o*v - 660. What are the prime factors of v?
2, 5, 11
Let y(s) be the first derivative of s**3/3 - s**2/2 + s + 1. Suppose 4*h = 4*c - 8, 0*h = -c - 2*h + 14. List the prime factors of y(c).
31
Let b = -352 + 134. Let x be ((-2)/2 - b) + 1. Suppose -4*f + 197 = -y + 26, 3*y = -5*f + x. What are the prime factors of f?
43
Suppose 15*n - 14*n = -57. Let c = n - -185. List the prime factors of c.
2
Suppose 9*g + 10*g - 171 = 0. List the prime factors of g.
3
Let i(w) be the second derivative of -w**5/20 + 13*w**4/12 - 4*w**3/3 - 11*w**2 + 13*w. What are the prime factors of i(9)?
2, 5, 23
List the prime factors of 2148 + (4 + -7 - -2) + 2.
7, 307
Let p = 390 + 899. List the prime factors of p.
1289
List the prime factors of 9/(-18)*(-57 - 1).
29
Let x be 0 + (0 - 2 - -6). Suppose b = -4*r + 30, 5 = 3*r + x*b - 24. Suppose -3*p = -r*n + 5*n - 9, 0 = 3*n - 3*p + 6. List the prime factors of n.
3
Suppose 0 = f + 4*x + 7, 5*f - x = -0*x + 70. Let g(p) = -p**2 + 18*p + 3. Let u be g(f). Suppose -3*a - a = -2*o + u, o + 4*a = 4. List the prime factors of o.
2, 3
Suppose 5 = -2*i + 3*n, -7*i - 5*n + 25 = -2*i. Suppose i*a = 3*a. Suppose 5*m + 2*j - 117 = a, 4*m - j - 2*j - 112 = 0. What are the prime factors of m?
5
Suppose 0 = 7*s - 12*s - 110. Let x = -36 - s. List the prime factors of (-72)/(-2) - (-10 - x).
2
Let a(m) = m**3 - 5*m**2 + 4*m - 2. Let k be a(4). Let u(g) = -26*g - 1. What are the prime factors of u(k)?
3, 17
Suppose 0 = o - 2*o + 2*w - 5, -5*w + 23 = o. Let y be 8/(-4) + -1 + 8. Suppose y*g - 14 = o*g. What are the prime factors of g?
7
Let l(o) = 3*o + 2. Let f be l(-8). Let z = 59 + f. What are the prime factors of z?
37
Suppose -722*y + 717*y + 10630 = 0. What are the prime factors of y?
2, 1063
Suppose 7*a + 8*a - 3990 = 0. List the prime factors of a.
2, 7, 19
Let o(x) = 2*x**2 - 24*x + 105. What are the prime factors of o(9)?
3, 17
Let m(s) = 3*s**2 + 3. Let c be (-3)/(-1 + (-4)/8). Let o be m(c). Let k = 6 + o. What are the prime factors of k?
3, 7
Suppose 6426 + 426 = 12*o. List the prime factors of o.
571
Let s be (-194)/(-10) + (-51)/(-85). What are the prime factors of 5/s + 158/8?
2, 5
Suppose s - 232 = -2*s - a, 5*s + 3*a = 388. Suppose n - p = p + 61, 0 = 3*n - 5*p - 180. Let v = s - n. List the prime factors of v.
2, 11
Let m = 415 - 249. List the prime factors of m.
2, 83
Let z = -860 - -1067. What are the prime factors of z?
3, 23
Let m(c) = -c + 16 + 3 + 16 - 4. List the prime factors of m(-13).
2, 11
Suppose b - q - 5 = q, 3*b + q = 15. List the prime factors of (130/25)/(2/b).
13
Suppose -1952 = -4*x + 4*h, 0 = -5*x - 11*h + 8*h + 2408. What are the prime factors of x?
2, 11
Suppose 6*m + 5*l - 619 = 5*m, 4*m + 3*l = 2561. What are the prime factors of m?
2, 7, 23
Suppose -3*j = -3*d - 6, -2*d - 6 = -3*j - 0. Let w be ((-5)/(-10))/(j/(-24)). Let m(f) = -5*f - 4. What are the prime factors of m(w)?
2, 13
List the prime factors of 258/((2 - 2) + (12 - 11)).
2, 3, 43
Suppose -3*a - 51 = 3*h, 4*h + 47 = h - a. Let d(y) = 2*y**2 - 4*y. Let u be d(3). List the prime factors of 192/5 + u/h.
2, 19
Let r be (-8)/3*27/(-18). Suppose -406 = -4*l - 2*o, -r*o + o - 535 = -5*l. List the prime factors of l.
2, 13
Suppose -3*i - 3*m = 9, -1 = -2*m + 1. List the prime factors of (34/i)/(82/28 + -3).
7, 17
Suppose 7*f - 28 = 5*f. Let b = 58 + f. List the prime factors of b.
2, 3
Let f = -7 - -6. Let z be 6 - (2 - (f + 0)). Suppose 0 = -z*d - 0*d + 57. List the prime factors of d.
19
Suppose -7*q + q + 36 = 0. Suppose -q*a + 170 + 280 = 0. List the prime factors of a.
3, 5
Let l = 7 + -5. Suppose -i + 4*i + 441 = 4*k, i = l*k - 221. What are the prime factors of k?
3, 37
What are the prime factors of (-3 - (4 - 6))*3*-278?
2, 3, 139
Let z(b) = 34*b + 1279. What are the prime factors of z(23)?
3, 229
Let o(m) = 2*m + 14. Let h be o(-5). Suppose 9*z - h*z - 310 = 0. What are the prime factors of z?
2, 31
Let k be (-370)/(3 + -3 - 2) - -2. Suppose -5*l + q = -949, -k = -l + 3*q + 14. What are the prime factors of l?
3, 7
Suppose -9*h + 1868 = -1219. Let b = h - 191. What are t